8*u - 6*u + 126610 + 50910. What is the tens digit of u?
8
Suppose 0 = -13*l - 807 + 11922. Suppose -495 - l = -9*c. Let f = -73 + c. What is the tens digit of f?
7
Let w(u) = u**3 - 22*u**2 + 3*u - 36. Let g be w(22). Let i(d) = 18*d - 97. What is the tens digit of i(g)?
4
Suppose -108*x + 89*x + 25707 = 0. What is the tens digit of x?
5
Suppose s + 1387 - 11419 = 15925. What is the ten thousands digit of s?
2
Let g(i) be the third derivative of -2*i**6/15 - 11*i**5/60 - 3*i**4/8 + 7*i**3/6 + 46*i**2. What is the units digit of g(-4)?
1
Let t be (-6)/(-12)*(4/1 + 2). Suppose -2*g = -2, -z - 3*g = -4*g - t. Suppose d - 660 = -z*d. What is the units digit of d?
2
Let u(a) = -a**3 + 10*a**2 + 5*a - 20. Let n be u(8). Suppose n = w + 8. Suppose j - w = 70. What is the tens digit of j?
1
Let d(p) = -956*p - 822. What is the ten thousands digit of d(-31)?
2
Let s(h) = -18*h**3 - 5*h**2 + 7*h + 11. Let g(n) = -18*n**3 - 8*n**2 + 6*n + 11. Let p(z) = -3*g(z) + 4*s(z). What is the hundreds digit of p(-3)?
5
Let r = 4017 + 17057. What is the units digit of r?
4
Suppose 3*n = -2*q + 10587, -n - 4*q - 293 = -3842. What is the units digit of n?
5
Let q(n) = 1487*n + 2982. What is the tens digit of q(26)?
4
Suppose 4 = -j - 11. Let o be 186/j*(-10 - 0). Let m = o - -11. What is the tens digit of m?
3
Suppose -4*p + 5*p - 4119 = 4*o, 0 = -o + 3*p - 1027. Let x = 1451 + o. What is the hundreds digit of x?
4
Let v(b) = b**2 - 65*b + 539. What is the units digit of v(60)?
9
Suppose -3*q = 4*i - 281, -2*i - i - 98 = -q. Let k = 100 - q. Suppose -4*g - 1053 = -5*h - 2*g, k*h + g - 1041 = 0. What is the hundreds digit of h?
2
Let i(m) = 12073*m + 1180. What is the hundreds digit of i(6)?
6
Let b be 5*-2*(130/20 - 8). Suppose 3953 - 938 = b*i. What is the hundreds digit of i?
2
Suppose -2*b = 5*v - 11847, -3*b + 66*v + 17779 = 65*v. What is the thousands digit of b?
5
Suppose 4*h = -11*o + 8*o + 5204, -2*h - 4*o + 2592 = 0. Suppose -4*k + 2*k = 2*v - h, -2*v - 2626 = -4*k. What is the tens digit of k?
5
Let n(a) = -10*a - 40*a - 57*a - 90 - 26*a + 23*a. What is the hundreds digit of n(-7)?
6
Let x be 9486/(-42) + 1/(-7). What is the hundreds digit of (-12)/(-10)*(4 - x)?
2
Suppose -4*d - 4*u = -8, 5*d + 8*u = 7*u + 10. What is the tens digit of 1*(-228)/15*(-15)/d?
1
Let h = 26521 - 5099. What is the tens digit of h?
2
Let q be 15*(2 - 14/3). Let a = q - -127. Let y = a + -60. What is the tens digit of y?
2
Let o be -1*-2*(117/(-6) + -2). Let u = o - -60. Let i = 64 + u. What is the units digit of i?
1
Let w(r) = r**2 - 10*r + 11. Suppose -2*n - 18*z - 8 = -17*z, 3*z - 36 = 4*n. What is the tens digit of w(n)?
0
Suppose 0 = 2*v + x - 56, 0 = v + 4*x - 21 - 0. Let a = 44 - v. Let t(m) = m**2 - 14*m - 13. What is the units digit of t(a)?
2
Let t(v) = 3*v**2 - 10*v + 32. Let j be t(6). Suppose 8*n = 440 - j. Suppose -5*o + n + 25 = 0. What is the units digit of o?
4
Let k = -9673 - -29428. What is the ten thousands digit of k?
1
Suppose 0 = 5*a - 4*d - 6257, -2*d - 1355 = -5*a + 4906. Suppose 221 = -8*k + a. What is the units digit of k?
9
Suppose 0 = y + 6 + 11. Let m = -7704 + 7692. What is the units digit of m/(-9) + y/(-3)?
7
Suppose -5*c + 80 + 20 = 0. Let k(p) = -23*p + 7*p + 11 - c. What is the units digit of k(-3)?
9
Suppose 4*y = 3*f + 39 - 22, 4*f + 2 = -5*y. Suppose 665 = 5*p - 8*b + 7*b, 5*p - y*b - 665 = 0. What is the tens digit of p?
3
Let k = -6608 - -14359. What is the units digit of k?
1
Suppose 0 = -3*s - 5*k + 6291, -93*s - 5*k = -96*s + 6321. What is the units digit of s?
2
Suppose 0 = -0*j + 2*j + 3*k - 4485, 5*j = 4*k + 11155. Suppose -5*o + 6*q - 4*q = -j, -3*q + 1362 = 3*o. What is the hundreds digit of o?
4
Let c = 17585 + -17451. What is the hundreds digit of c?
1
Suppose -64 = -2*q + g, 11 = 3*q + 5*g - 98. Let f = 183 - q. Let w = -89 + f. What is the units digit of w?
1
Let j = -215 - -219. Suppose j*d = -4*u + 512, 3*u + 143 + 93 = 2*d. What is the hundreds digit of d?
1
Suppose r + 0 = 2*p + 2, 4*p = -4. Let m = -12323 + 12327. Suppose 3*b + r*n = -n + 602, m*n + 4 = 0. What is the hundreds digit of b?
2
Let t(z) = 6*z**2 + 18*z - 12. Let x be t(12). Let j = -757 + x. What is the tens digit of j?
1
Let k(f) = f**2 - 3*f - 35. Let l be k(8). Suppose 6*d - 2*d - 1071 = 3*r, -25 = l*r. What is the hundreds digit of d?
2
What is the tens digit of (-5)/2 - -2 - (174988/(-8) + -4)?
7
Suppose -5*u - b = 3108 + 330, 0 = 2*u - 4*b + 1362. Let s = u - -1193. What is the units digit of s?
6
Suppose 4*v = 4*o + 148892, 4*o = 137*v - 134*v - 111666. What is the ten thousands digit of v?
3
What is the tens digit of ((-7386)/8)/(5/(-20))?
9
Suppose 12 = -3*s, 0*m + 5*s + 5 = m. Let x be (m/(-6))/(2/4). What is the tens digit of 48 - 5/(x/(-3))?
5
Suppose 0 = g - 19650 + 6013. What is the hundreds digit of g?
6
Let h(p) = 26*p**2 - 8. Let v(k) = -5*k + 91. Let i be v(19). What is the tens digit of h(i)?
0
Suppose -61066 - 58376 = -34*h. What is the tens digit of h?
1
Suppose f - 1 = -0, -4*n + 3*f = -173. What is the hundreds digit of (-15)/20 + 7469/n?
1
Suppose -3*l = 21 - 6. Let j(f) = 20*f + 3. Let z(d) = 40*d + 8. Let i(m) = -5*j(m) + 2*z(m). What is the hundreds digit of i(l)?
1
Suppose -44242 = 20*n + 30*n - 158792. What is the tens digit of n?
9
Suppose 3*a = -4*u + 190190, 4*a + 2*u = 283040 - 29450. What is the thousands digit of a?
3
Suppose -53*v = -50*v - 2562. Let q = v + -384. What is the units digit of q?
0
Let z = 498 - 386. Let o = 373 + z. What is the hundreds digit of o?
4
Suppose -12*v = -2*v - 1290. Let q = v - 151. What is the hundreds digit of 1 + 1154/10 - q/(-55)?
1
Suppose 0 = -12*h + 785 - 773. Let a(y) = 1271*y - 20. What is the thousands digit of a(h)?
1
Let s(c) = -5*c + 2. Suppose -u = -3*n + n + 22, 3*n - u - 32 = 0. Let y be s(n). Let k = 84 - y. What is the hundreds digit of k?
1
Let r(g) = g**3 - 14*g**2 + 27*g - 83. Let y be r(5). Let u(l) = 23*l + 1. Let s be u(-1). Let h = s - y. What is the tens digit of h?
5
Suppose 2*t - 4 = -0. Suppose 0 = -2*j - 4*v - 108, 2*v - 120 = t*j + 3*v. Let m = j - -115. What is the tens digit of m?
5
Let i be 35/5 + 4 + 0. Suppose -i*t = -3*t - 32. What is the tens digit of ((-21)/t)/((-6)/72)?
6
Let y = -1780 + 3465. What is the hundreds digit of y?
6
Let k(i) = -i**3 - 13*i**2 - 16*i - 24. Suppose 6*p - 22 = -94. Let t be k(p). Let h = -6 + t. What is the tens digit of h?
1
Suppose -112 = -21*f - 28. What is the units digit of 1469/f - (-33)/44?
8
What is the tens digit of (2 + 2/(-4))*459724/114?
4
Let w = -60 + 76. Let z(v) = 5 + w + 14 + v - 5*v. What is the units digit of z(-7)?
3
Let b be 12*(45/18 + -4). Suppose -5*z + 1 = 16. Let c = z - b. What is the units digit of c?
5
Suppose -4*u - 8 = -5*w, -w - 8 = w + 4*u. Suppose w = -2*n - 8 + 22. Suppose -9*i + 182 = -n*i. What is the tens digit of i?
9
Let v be -3 + (2 - 0) - -64. Suppose -10*s + 87 = -v. What is the tens digit of (1 - -3 - s)*(1 - 6)?
5
Suppose 75324 - 37795 = 11*s - 113974. What is the ten thousands digit of s?
1
Suppose 1737 = -4*i + 553. Let v = i - -131. What is the units digit of 4/30 + (-19283)/v?
7
Suppose -38571 = -189*r + 176*r. What is the units digit of r?
7
Let x = -501 + 712. What is the units digit of x?
1
Let s(u) = -657*u**3 + 2*u**2 + 2*u - 2. What is the tens digit of s(-2)?
5
Let n(z) = z**2 + 17*z + 7. Let a be n(-13). Let p be ((-16)/(-12))/((-2)/a). Suppose p = 10*w - 830. What is the tens digit of w?
8
Let x(i) = -i**3 + 35*i**2 - 33*i - 34. Let r be x(34). Suppose -c - 13*c + 3850 = r. What is the units digit of c?
5
Let a = 160 + -144. Suppose a*f = 10*f + 438. What is the units digit of f?
3
Suppose -3*f - 5*r = -265, 22*r - 111 = -f + 26*r. Suppose 0 = h - u - 950, -2*h = -4*u + f - 1995. What is the units digit of h?
0
Let j = -42 + 52. Suppose 2*h + 4 = -2*a, j = 4*h - 2*a - 6. Suppose v - 204 = -h*v. What is the units digit of v?
8
Suppose 25 = 4*h + 17. Suppose -4*u + 1030 = -5*b - h*u, 3*u = -15. What is the tens digit of (-16192)/b - 4/(-26)?
7
Let t(n) = 178*n**2 + 12*n - 25. What is the units digit of t(-6)?
1
Let u(z) = -z**2 + 10*z + 14. Let m be u(11). Suppose -4*l = -5*o + 12 + 6, -m*l - o - 4 = 0. What is the units digit of ((-5)/3 - l)*108/3?
2
Let l(r) be the seco